mon divisor of 44 and 2398?
22
What is the greatest common factor of 11232 and 234?
234
What is the greatest common factor of 22401 and 38?
19
Calculate the greatest common divisor of 22 and 10879.
11
Calculate the highest common divisor of 26 and 3874.
26
What is the greatest common divisor of 69 and 46506?
69
Calculate the greatest common divisor of 1232 and 176.
176
What is the greatest common divisor of 228 and 36?
12
What is the greatest common factor of 945 and 513?
27
What is the highest common divisor of 195 and 1845?
15
Calculate the highest common divisor of 1331 and 44.
11
What is the highest common divisor of 156 and 12129?
39
What is the highest common divisor of 2756 and 13?
13
Calculate the highest common divisor of 6 and 2202.
6
Calculate the highest common factor of 200 and 880.
40
Calculate the greatest common factor of 217 and 93.
31
Calculate the greatest common factor of 52 and 68.
4
What is the greatest common divisor of 7 and 68?
1
Calculate the greatest common factor of 819 and 6363.
63
Calculate the highest common divisor of 70 and 4460.
10
What is the greatest common factor of 400 and 48?
16
Calculate the highest common factor of 5064 and 24.
24
What is the highest common factor of 648 and 8?
8
What is the highest common factor of 1665 and 45?
45
Calculate the greatest common divisor of 10 and 5700.
10
Calculate the highest common divisor of 7562 and 190.
38
What is the greatest common factor of 308 and 2849?
77
Calculate the greatest common factor of 255 and 204.
51
What is the highest common factor of 649 and 59?
59
Calculate the greatest common factor of 16 and 9528.
8
Calculate the greatest common factor of 195 and 1365.
195
Calculate the highest common divisor of 7 and 21.
7
Calculate the highest common divisor of 314 and 21509.
157
What is the highest common divisor of 3 and 38?
1
What is the highest common divisor of 73 and 292?
73
What is the highest common factor of 767 and 52?
13
Calculate the greatest common factor of 176 and 495.
11
Calculate the greatest common divisor of 34 and 85.
17
What is the greatest common factor of 56 and 248?
8
What is the highest common factor of 77 and 10549?
77
What is the greatest common divisor of 360 and 168?
24
What is the greatest common factor of 30 and 1580?
10
Calculate the greatest common factor of 2 and 6602.
2
Calculate the greatest common factor of 682 and 6200.
62
What is the highest common factor of 138 and 184?
46
What is the highest common factor of 106 and 5671?
53
Calculate the greatest common factor of 517 and 423.
47
What is the highest common divisor of 22 and 2266?
22
Calculate the greatest common divisor of 1085 and 140.
35
What is the highest common factor of 108 and 387?
9
What is the greatest common factor of 464 and 16?
16
What is the highest common divisor of 40 and 640?
40
Calculate the greatest common factor of 192 and 2176.
64
What is the greatest common factor of 4 and 148?
4
What is the greatest common factor of 16 and 4496?
16
What is the highest common divisor of 2533 and 1043?
149
What is the greatest common divisor of 114 and 17594?
38
What is the highest common factor of 144 and 126?
18
Calculate the greatest common divisor of 882 and 54.
18
What is the highest common factor of 8 and 13?
1
What is the highest common divisor of 448 and 231?
7
Calculate the greatest common divisor of 184 and 8.
8
What is the greatest common factor of 72 and 344?
8
What is the highest common divisor of 41 and 1927?
41
Calculate the greatest common factor of 4 and 256.
4
What is the greatest common divisor of 682 and 5518?
62
What is the greatest common divisor of 3090 and 30?
30
Calculate the greatest common factor of 272 and 64.
16
Calculate the greatest common divisor of 116 and 8.
4
What is the highest common factor of 966 and 42?
42
What is the greatest common divisor of 48 and 1176?
24
Calculate the greatest common divisor of 5 and 5.
5
Calculate the highest common factor of 6596 and 68.
68
What is the highest common divisor of 826 and 1416?
118
What is the greatest common factor of 110 and 160?
10
What is the highest common factor of 1206 and 24?
6
What is the greatest common factor of 78 and 6734?
26
What is the highest common divisor of 225 and 180?
45
Calculate the highest common factor of 897 and 253.
23
What is the highest common divisor of 45 and 18?
9
What is the highest common factor of 5767 and 158?
79
Calculate the highest common factor of 20 and 45.
5
Calculate the highest common factor of 40 and 120.
40
What is the highest common factor of 197 and 1?
1
What is the greatest common divisor of 25702 and 142?
142
Calculate the greatest common factor of 2567 and 51.
17
Calculate the highest common factor of 35 and 847.
7
Calculate the greatest common divisor of 54 and 225.
9
What is the highest common divisor of 13296 and 32?
16
What is the highest common factor of 1794 and 138?
138
Calculate the greatest common divisor of 260 and 80.
20
Calculate the highest common divisor of 3 and 2.
1
What is the greatest common divisor of 606 and 6?
6
Calculate the greatest common factor of 451 and 2057.
11
Calculate the greatest common factor of 369 and 18.
9
Calculate the greatest common factor of 270 and 10.
10
What is the highest common factor of 1054 and 279?
31
Calculate the greatest common divisor of 13 and 884.
13
Calculate the greatest common divisor of 2250 and 200.
50
Calculate the highest common factor of 95 and 209.
19
What is the highest common divisor of 3627 and 533?
13
Calculate the greatest common divisor of 14 and 14.
14
Calculate the greatest common factor of 1685 and 5.
5
Calculate the highest common divisor of 6 and 48.
6
Calculate the greatest common divisor of 140 and 3745.
35
What is the highest common factor of 244 and 3294?
122
What is the highest common divisor of 831 and 3?
3
What is the greatest common factor of 40612 and 11?
11
Calculate the greatest common factor of 8 and 3352.
8
Calculate the highest common factor of 29 and 609.
29
Calculate the greatest common divisor of 7008 and 48.
48
Calculate the highest common factor of 1580 and 5.
5
Calculate the greatest common factor of 525 and 840.
105
What is the greatest common divisor of 10638 and 197?
197
What is the highest common divisor of 23094 and 18?
18
Calculate the greatest common factor of 610 and 70.
10
What is the highest common factor of 582 and 1358?
194
Calculate the highest common factor of 56 and 13384.
56
Calculate the greatest common divisor of 195 and 455.
65
What is the greatest common divisor of 451 and 77?
11
What is the greatest common divisor of 670 and 40?
10
What is the highest common divisor of 121 and 187?
11
Calculate the greatest common factor of 151 and 3473.
151
Calculate the highest common divisor of 716 and 1611.
179
What is the highest common divisor of 175 and 35?
35
Calculate the highest common factor of 54 and 2862.
54
Calculate the highest common factor of 1010 and 70.
10
What is the highest common divisor of 16 and 4?
4
What is the greatest common divisor of 4623 and 402?
201
What is the highest common factor of 168 and 36?
12
Calculate the highest common divisor of 873 and 441.
9
Calculate the highest common divisor of 470 and 20.
10
Calculate the greatest common factor of 2 and 6694.
2
What is the greatest common divisor of 465 and 30?
15
Calculate the greatest common divisor of 16856 and 147.
49
What is the highest common divisor of 11 and 473?
11
Calculate the highest common divisor of 29 and 203.
29
What is the greatest common divisor of 4 and 12?
4
What is the highest common factor of 536 and 88?
8
What is the highest common divisor of 151 and 151?
151
What is the highest common divisor of 10 and 9910?
10
Calculate the greatest common divisor of 22 and 4092.
22
What is the highest common factor of 351 and 78?
39
What is the greatest common factor of 817 and 589?
19
Calculate the greatest common factor of 2831 and 57.
19
Calculate the greatest common factor of 31 and 527.
31
Calculate the greatest common divisor of 88 and 1111.
11
Calculate the greatest common factor of 11 and 1045.
11
What is the greatest common factor of 1095 and 10731?
219
What is the highest common divisor of 4346 and 574?
82
What is the highest common divisor